.
13, 23
Let o(a) = 23*a**3 - a**2 + 5*a - 20. Let m be o(3). Suppose -3*k - m + 4144 = 0. What are the prime factors of k?
3, 131
Let l be 2/(4/17)*2570/5. Suppose 0 = -4*r - 4*k + 3500, -5*r + 0*k = 2*k - l. What are the prime factors of r/21 - (-21)/49?
2, 3, 7
Suppose 8*g - 3*g + 5*z - 2310 = 0, 5*g = -3*z + 2302. Let u = g - 283. List the prime factors of u.
5, 7
Let l(c) = 81*c**2 - 17*c + 2. Let w be l(2). List the prime factors of w + 0 + 5 + -5.
2, 73
Let o(t) = 3*t - 19. Let g be o(8). What are the prime factors of g*-1*(-1)/(25/8390)?
2, 839
Suppose -18*s - 1350600 = -78*s. What are the prime factors of s?
2, 5, 2251
Let k(d) = d**3 - 4*d**2 + 6. Let u be k(4). List the prime factors of ((-4)/(-8))/(u/4308).
359
Suppose -4*t + 6888 = 2*u - 25512, 3*t = 2*u + 24293. What are the prime factors of t?
7, 13, 89
Let b(u) = -u**3 + 100*u**2 - 207*u - 358. What are the prime factors of b(95)?
2, 7, 11, 163
Let f = 23859 - -5269. List the prime factors of f.
2, 11, 331
Suppose 2*s = 25*s - 3818. Let g = s + 8. List the prime factors of g.
2, 3, 29
Let o(s) = s**3 + 19*s**2 + s - 38. Let t = -1 + -13. List the prime factors of o(t).
2, 29
Let g(u) = 375*u - 1083. List the prime factors of g(29).
2, 3, 17
Let q be (-30)/(-40)*(-40)/(-6). Suppose 0 = q*y + 298 - 923. What are the prime factors of y?
5
Suppose 7*w - 17 = 4. Suppose -541 = -w*p + 4*v, 11*p + 2*v - 893 = 6*p. Suppose 2*z = -3*i + p, 4*i - 125 - 49 = -2*z. What are the prime factors of z?
97
Let v = 232 - 435. Let n = v + 417. List the prime factors of n.
2, 107
Let w(o) = -3039*o - 572. List the prime factors of w(-5).
7, 2089
Let y = 1194 + -747. Suppose 376 = a - y. List the prime factors of a.
823
Let l(c) = -5*c**3 + 4*c**2 + 17*c - 16. Let a(y) = -3*y**3 + 3*y**2 + 16*y - 17. Let i(h) = -3*a(h) + 2*l(h). What are the prime factors of i(-7)?
3, 137
Suppose 468 = 2*u - 14*u. Let n = -35 - u. Suppose -n*t - 21 + 77 = 0. What are the prime factors of t?
2, 7
List the prime factors of 9/3 - 11 - (-1384518)/109.
2, 11, 577
Let y(a) = a**2 - 8*a - 5. Let j be y(5). Let g be ((-4)/(-5))/2 - 752/j. Suppose 36*f - g*f + 208 = 0. What are the prime factors of f?
2, 13
Let j(g) = 14 + 2 - 43 + 127*g + 7. What are the prime factors of j(3)?
19
Let h(l) = l - 12. Let q be h(16). Suppose 4*g - 4 = 0, q*j = 3*j - 4*g + 112. Suppose -j = -2*w - 44. List the prime factors of w.
2
Suppose -72 = 2*u - 82. Suppose 240 + 277 = p + 5*j, -u*p + 2480 = 4*j. List the prime factors of p.
2, 3, 41
Let d = 891 + 493. Suppose 35*p - d = 1941. List the prime factors of p.
5, 19
Suppose 11924 = 2283*z - 2272*z. What are the prime factors of z?
2, 271
What are the prime factors of 321209/28 + -4 - 24/32?
11467
Let z be 4*1 + (-6136)/(-8). Suppose -3 = 2*x - 3*x, -5*q = 2*x - z. Suppose 0 = 9*w - 0*w - q. List the prime factors of w.
17
Suppose -353 = -4*s + 659. Let i = 378 - s. What are the prime factors of i?
5
Let v(b) = -5*b - b**2 + 311 - b**3 + 0*b**3 + 7*b - 56. List the prime factors of v(0).
3, 5, 17
Suppose 0*f - 15 = 5*f, -a + 16*f = -9767. List the prime factors of a.
9719
Suppose 22*t = 6*t + 15088. Suppose 3*n - 179 - t = 0. List the prime factors of n.
2, 11, 17
Suppose w + 13*l - 14157 = 17*l, 4*w - 11*l = 56613. List the prime factors of w.
3, 5, 23, 41
Let l be ((-2 + 0 + 7)*1)/(-1). Let o be (-231 + -1)*((7 - 4) + l). Suppose 4*h + 232 = 2*c, -4*c - 4*h + o = -h. List the prime factors of c.
2, 29
Let v(p) = -3*p**2 - 23*p + 13. Let z be v(-8). Suppose d + z*n = 871, -2*n + 2613 = -4*d + 7*d. List the prime factors of d.
13, 67
Suppose -22*w + 2*k + 685 = -25*w, 4*w = 2*k - 932. Suppose -2*j + 5*j = b + 1138, -b - 1519 = -4*j. Let n = w + j. What are the prime factors of n?
2, 3, 5
Suppose 3*x + 4*i = 976, 5*x + 2*i + 3*i - 1630 = 0. List the prime factors of x - (-1 - (-4 - 0)).
5, 13
What are the prime factors of (24/3)/(15*12/1394010)?
2, 3, 1721
Suppose 2*b - 263 = -2*u + 323, 4*b - u - 1197 = 0. Suppose -3*j + b = -1238. List the prime factors of j.
2
Let y be (-6 + (-42)/(-6))*3. Suppose y*j = -5*w + 750, 3*w - 745 = -2*w - 4*j. What are the prime factors of w?
3, 17
Suppose 43*c + 27256 = 2*w + 41*c, 5*w - 3*c - 68142 = 0. What are the prime factors of w?
3, 7, 11, 59
Let t(n) = -3*n**3 + 3*n + 3. Let w be t(-1). Let v(o) = 101*o**2 + 36*o - 102. List the prime factors of v(w).
3, 5, 61
List the prime factors of (-1)/((-19 - -10)/(-81)) - -22397.
2, 29, 193
Let t = -594 - -1196. What are the prime factors of -1 + 0 + t - (-30)/(-6)?
2, 149
Let m be (-3394)/(-12) + 7/42. Suppose -2*i - 3*o + m = -666, o + 477 = i. List the prime factors of i.
2, 7, 17
Let s(a) = -2*a**3 - 35*a**2 - 11*a + 7. Let k be s(-18). Let r = k + -255. List the prime factors of r.
2, 137
Let b = -11376 - -16946. List the prime factors of b.
2, 5, 557
Let d be (-4)/6 - 17/(-3). Let m be (-58)/(-667) - 10/115. Suppose 5*o - d*w = 1295, -o + m*o - w + 265 = 0. List the prime factors of o.
2, 131
Let g(p) be the third derivative of -173*p**4/24 - 64*p**3 - 4*p**2 - 5*p. List the prime factors of g(-11).
7, 31
Let b(l) = -5626*l + 2958. What are the prime factors of b(-3)?
2, 3, 19, 29
Let i = 27873 + -14738. What are the prime factors of i?
5, 37, 71
Suppose -7941 = -92*p + 49*p + 114351. List the prime factors of p.
2, 3, 79
Let f(l) = l**2 - 3*l. Let a be f(-2). Suppose c = a*c - 972. List the prime factors of (-1)/((-2)/(0 + c)*2).
3
Let f = 32499 - 20991. List the prime factors of f.
2, 3, 7, 137
Let n = 4858 + -1232. List the prime factors of n.
2, 7, 37
Let h be 326/8 - (-1)/4. Let z = 44 - h. List the prime factors of z - (-29 + -6) - (0 - 0).
2, 19
Suppose 0 = -16*o + 11*o + 25. Let v(b) = 12*b - 13. List the prime factors of v(o).
47
Let d = 113 - 160. Let w = 473 + d. List the prime factors of w.
2, 3, 71
Let m be 91/(-14) - -6 - (-162)/4. Let w = m - -17. Suppose 0 = 3*n - w + 3. What are the prime factors of n?
2, 3
Let a be (-8)/(-10) - 8288/35. What are the prime factors of (37/74)/(1 - (-235)/a)?
2, 59
Suppose 0 = 2*m - 4*m. Suppose -3*x - 330 = 116*f - 117*f, -x - 4 = 0. Suppose -3*i = -p + 82, m = 4*p - 3*i + i - f. What are the prime factors of p?
79
Suppose -3*f + 5*f = 6. Suppose 7 = -2*l + 4*s + f, 1 = 3*l + s. Suppose -u - 4*u = 3*v - 580, l = 2*u - 10. What are the prime factors of v?
5, 37
Let i = 112 + -109. Suppose -i*t = t - 440. List the prime factors of t.
2, 5, 11
Let d = 47160 - 27129. List the prime factors of d/45 + 4/(-30).
5, 89
Suppose 0 = -2*x - 4*m + 5910, 78*m + 15 = 83*m. List the prime factors of x.
3, 983
Suppose 53*r - 3265685 = -24*r - 90*r. List the prime factors of r.
5, 3911
Let o = -9 - -16. Suppose -o*c + 11*c - 2620 = 0. Let j = -380 + c. What are the prime factors of j?
5, 11
Let o = -216 - -355. Suppose o = -3*p + 1078. What are the prime factors of p?
313
Suppose 0 = -4*r - b - 3092, -5*r = -b + 808 + 3048. Let z = r + 1181. List the prime factors of z.
409
Let o = -41 - -58. Let g(n) = 7*n - 42. Let w be g(o). Suppose 55 = 3*s - w. What are the prime factors of s?
2, 11
Let q(g) = -g**2 + 23*g. Let c be q(20). Suppose -5*k + c = -0*k. Suppose -4*j = k + 4, j - 386 = -3*i. List the prime factors of i.
2, 5, 13
Let y(p) = p**3 - 6*p**2 - 3*p + 15. Let j(w) = w**3 - 4*w**2 - 6*w - 4. Let f be j(5). Let t = 16 + f. What are the prime factors of y(t)?
43
Let n be (6 + (-66)/12)*138. Suppose -14742 = -87*h + n*h. What are the prime factors of h?
3, 7, 13
Let n = 207 + -195. Let o(i) be the second derivative of i**4/12 - 2*i**3/3 - 27*i**2/2 + i. List the prime factors of o(n).
3, 23
Let x = 833 - 829. Suppose 4*z + 4875 = 3*d, -d + z = -x*z - 1625. What are the prime factors of d?
5, 13
List the prime factors of (9611907/368)/((-6)/(-4)) + (-13)/(-104).
11, 1583
Suppose 26*u - 4022 = -2*g + 24*u, -4*u - 10046 = -5*g. List the prime factors of g.
2, 3, 5, 67
Let q be -8*1*(-309)/2. Let j = q - 650. List the prime factors of j.
2, 293
Let f = 40146 + -31018. List the prime factors of f.
2, 7, 163
Let f(t) = 201*t**2 + 97*t - 659. What are the prime factors of f(9)?
5, 3299
Let a be (-5)/2*(-3 + 5). Let q be 3/(-2)*(a - -11). What are the prime factors of (51/q - (-5)/(-5))*-6?
2, 5
Suppose 51*r = 2060669 + 168439. What are the prime factors of r?
2, 7, 223
Let u 